Let n(u) = u**2 - 13*u + 101. Calculate n(16).
149
Let x(i) = -20*i - 52. Determine x(6).
-172
Let r(g) = 2*g**2 + 2*g - 50. Give r(-8).
62
Let u(c) = -809*c + 4756. Give u(6).
-98
Let l(o) = 4010*o - 232579. Calculate l(58).
1
Let z(v) = 16*v - 36. What is z(5)?
44
Let c(h) = 45*h - 16. Determine c(3).
119
Let z(v) = -v**2 - 476*v - 4662. Give z(-10).
-2
Let c(l) = l**3 + 9*l**2 - 9*l - 9. Determine c(-7).
152
Let p(n) = -252*n + 1027. Give p(4).
19
Let t(p) = 3431*p + 6836. Determine t(-2).
-26
Let g(x) = -11*x + 117. Give g(20).
-103
Let g(y) = -2112*y + 2068. What is g(1)?
-44
Let i(h) = 2*h**3 + 29*h**2 + 73*h - 7. Calculate i(-3).
-19
Let m(b) = 3*b**3 - 66*b**2 + 378*b - 155. Determine m(11).
10
Let i(f) = 95*f + 14. Calculate i(-4).
-366
Let y(h) = h**3 - 18*h**2 - 5*h - 16. Calculate y(18).
-106
Let k(y) = 24*y + 20. Calculate k(-12).
-268
Let s(w) = 149*w - 1949. Give s(13).
-12
Let d(b) = b**2 - 481*b + 11394. Give d(25).
-6
Let a(g) = -855*g + 10251. Calculate a(12).
-9
Let h(v) = 22*v - 956. Calculate h(54).
232
Let y(c) = -c**3 - 28*c**2 + 72*c - 13. What is y(2)?
11
Let s(i) = -i**3 + 20*i**2 - 90*i - 59. Give s(12).
13
Let r(g) = -41*g**2 - 8*g + 24. What is r(5)?
-1041
Let w(y) = -y**3 - 41*y**2 - 266*y - 75. What is w(-33)?
-9
Let j(i) = 4*i**2 + 266*i - 2711. Calculate j(9).
7
Let w(n) = n**2 - 8*n + 23. Determine w(7).
16
Let g(c) = -319*c - 26487. Determine g(-83).
-10
Let u(j) = -180*j - 948. Determine u(-3).
-408
Let p(d) = 24*d**3 - 384*d**2 - 2*d + 36. Give p(16).
4
Let b(l) = 15*l**2 + 483*l + 565. What is b(-31)?
7
Let d(i) = -259*i - 1802. Calculate d(-7).
11
Let a(l) = l**2 + 2602*l - 36621. Give a(14).
3
Let h(x) = -948*x + 4736. Calculate h(5).
-4
Let a(n) = 253*n - 13429. Calculate a(53).
-20
Let c(o) = -6*o + 4. What is c(18)?
-104
Let t(s) = 51*s**2 - 62*s - 43. What is t(-1)?
70
Let q(r) = -46*r - 4. Give q(-1).
42
Let p(b) = -2*b**3 + 87*b**2 - 214*b - 2622. Calculate p(40).
18
Let n(v) = -37*v - 306. Determine n(-10).
64
Let q(g) = 111*g + 4268. Give q(-38).
50
Let p(m) = m**3 + 3*m**2 + 85*m + 412. Calculate p(-5).
-63
Let y(x) = 10*x**2 + 298*x - 5125. Determine y(-42).
-1
Let s(v) = -4890*v - 48891. What is s(-10)?
9
Let z(f) = -12*f**2 - 172*f + 328. What is z(-16)?
8
Let a(u) = u**2 - 31*u - 30. Calculate a(6).
-180
Let n(j) = -2*j**2 - 39*j + 242. Give n(5).
-3
Let t(m) = -85*m + 1215. Calculate t(14).
25
Let x(y) = -7*y + 3. Determine x(3).
-18
Let y(n) = n**3 - 35*n**2 - 118*n + 751. Calculate y(-6).
-17
Let z(h) = h**3 - 69*h**2 - 95*h + 1736. Give z(70).
-14
Let n(b) = 892*b**2 - 10705*b + 22. What is n(12)?
10
Let h(r) = -2*r**2 - 42*r + 138. Give h(3).
-6
Let m(n) = 173*n - 3271. Calculate m(19).
16
Let y(w) = 33*w**2 - 166*w - 18. Determine y(7).
437
Let i(v) = -v**3 + 18*v**2 + 85*v - 9. Give i(22).
-75
Let f(x) = -7*x**2 + 48*x + 103. Give f(9).
-32
Let j(a) = -a**3 + 6*a**2 - 9*a + 119. Calculate j(7).
7
Let d(f) = 196*f - 1028. Calculate d(5).
-48
Let v(y) = y**2 + 9*y - 32. Determine v(8).
104
Let x(d) = -d**3 - 122*d**2 - 165*d - 5329. Determine x(-121).
-5
Let g(h) = -h**3 - 47*h**2 + 443*h + 170. Determine g(-55).
5
Let h(o) = -o**3 - 3*o**2 + 10*o + 20. Determine h(3).
-4
Let c(f) = -10*f**2 - 103*f - 23. What is c(-10)?
7
Let m(u) = 55*u - 2854. Determine m(57).
281
Let f(l) = -5*l**2 + 66*l + 135. Calculate f(16).
-89
Let z(m) = 121*m**3 + m**2 + 2*m - 4. What is z(1)?
120
Let v(o) = -2*o**2 + 158*o + 179. What is v(80)?
19
Let l(m) = 2*m**2 - 123*m + 757. Give l(7).
-6
Let w(g) = -18*g - 1. Calculate w(2).
-37
Let f(m) = m**3 + 234*m**2 - 444*m + 6607. What is f(-236)?
-1
Let d(h) = 5927*h + 23713. Determine d(-4).
5
Let g(j) = -4*j - 415. Calculate g(-59).
-179
Let n(a) = 197*a - 1328. Determine n(7).
51
Let g(o) = -2*o**3 - 51*o**2 - 23*o + 41. Calculate g(-25).
-9
Let i(t) = -t**3 - 41*t**2 - 365*t - 12. What is i(-13)?
1
Let d(g) = -17*g**2 + 173*g + 1. Determine d(11).
-153
Let i(r) = r**3 + 4*r**2 + 70*r + 272. Determine i(-4).
-8
Let a(u) = -u**3 + 28*u**2 + 105*u - 1365. What is a(30)?
-15
Let z(m) = -m**3 - 9*m**2 - 2*m + 12. What is z(4)?
-204
Let v(t) = 28*t**2 + 906*t + 3826. Calculate v(-5).
-4
Let j(t) = -t**2 - 28*t - 3. What is j(-28)?
-3
Let b(x) = -2*x**3 + 36*x**2 - 270*x + 4028. Calculate b(17).
16
Let q(k) = 37*k - 212. Determine q(6).
10
Let y(m) = 2*m**3 + 197*m**2 + 1023*m + 9. Calculate y(-93).
9
Let w(n) = -n**3 - 3*n**2 + 47*n + 14. Determine w(5).
49
Let f(a) = 2*a**3 - 23*a**2 - 37*a + 5. What is f(13)?
31
Let w(y) = 38*y + 1410. Calculate w(-36).
42
Let v(s) = -41*s**2 + 8*s - 8. Give v(1).
-41
Let m(u) = 45*u - 194. Give m(11).
301
Let z(g) = -35*g + 516. Calculate z(6).
306
Let v(f) = 54*f + 7342. What is v(-135)?
52
Let r(k) = -2*k**2 + 17*k + 62. Calculate r(11).
7
Let u(n) = -9*n + 502. Give u(62).
-56
Let h(t) = -29*t - 23. Give h(-2).
35
Let q(t) = -49*t - 1932. Determine q(-40).
28
Let g(s) = s**3 - 19*s**2 - 9*s + 457. Determine g(18).
-29
Let t(x) = 617*x + 18510. Give t(-30).
0
Let i(o) = 5*o**3 + 2*o**2 - 156*o - 312. Give i(-2).
-32
Let z(p) = p**3 + 43*p**2 - 37*p + 275. Give z(-44).
-33
Let r(y) = y**2 + 40*y - 1722. Give r(26).
-6
Let n(o) = 7*o**2 + 39*o + 21. What is n(-5)?
1
Let n(y) = -y - 10. Calculate n(-12).
2
Let s(w) = -4*w**2 + 178*w + 27. What is s(45)?
-63
Let x(u) = 2*u**2 + 327*u - 835. What is x(-166)?
-5
Let o(q) = -q**2 - 192*q - 6818. Determine o(-47).
-3
Let l(r) = 77*r**3 + 1464*r**2 + 18*r + 13. Calculate l(-19).
32
Let h(a) = -1952*a + 121027. What is h(62)?
3
Let v(k) = 76*k + 2124. Give v(-28).
-4
Let k(f) = -4*f**2 + 2*f - 6. Determine k(-3).
-48
Let t(c) = -62*c**2 - 620*c - 5. Determine t(-10).
-5
Let c(i) = -2*i**3 + 34*i**2 - 20*i + 33. Give c(16).
225
Let c(k) = 19*k**3 - 1042*k**2 - 167*k + 104. Calculate c(55).
-6
Let u(t) = 3034*t - 6065. Give u(2).
3
Let q(d) = -21*d - 4. Calculate q(2).
-46
Let r(o) = 17*o**2 - 110*o - 72. Give r(7).
-9
Let d(a) = a**3 - 75*a**2 + 16*a - 1140. Determine d(75).
60
Let l(y) = 6*y**3 - 57*y**2 + 15*y + 16. What is l(10)?
466
Let r(n) = 18*n - 47. Give r(54).
925
Let v(h) = 2*h**3 + 19*h**2 + 9*h - 9. Determine v(-8).
111
Let h(s) = 2*s + 14. Give h(5).
24
Let k(z) = z**2 + 23*z - 13. Calculate k(-24).
11
Let n(m) = -2*m**3 - 9*m**2 + 55. Calculate n(-7).
300
Let v(t) = t**2 - 4*t - 99. Give v(15).
66
Let i(w) = -7*w**2 + 214*w + 84. Determine i(31).
-9
Let n(i) = 828*i - 98533. Calculate n(119).
-1
Let m(h) = 6*h**2 + 279*h + 1130. Calculate m(-42).
-4
Let f(g) = -4*g**3 + g**2 + 13*g - 56. Give f(3).
-116
Let y(x) = 8*x**2 + 19*x - 29. Give y(-6).
145
Let r(q) = 2*q**3 - 167*q**2 - 87*q + 50. Calculate r(84).
-202
Let w(f) = -f**2 - 59*f - 873. Calculate w(-31).
-5
Let t(z) = -2*z**3 - 40*z**2 + 91*z + 55. What is t(-22)?
-11
Let d(v) = 2276*v + 4554. Calculate d(-2).
2
Let k(p) = -p**3 - 9*p**2 + 18*p + 8. Give k(-10).
-72
Let p(y) = y**2 - 41*y + 144. Determine p(30).
-186
Let t(d) = -d**3 - 3*d**2 - 20*d + 81. Calculate t(4).
-111
Let i(f) = 2*f**3 - 8*f**2 + 7*f + 17. Determine i(5).
102
Let d(m) = 316*m + 1982. Determine d(-7).
-230
Let k(r) = r**2 - 210*r + 5114. What is k(28)?
18
Let q(r) = -3*r**3 - 15*r**2 + 88*r + 308. What is q(-3)?
-10
Let y(j) = 27*j - 23. Give y(6).
139
Let r(x) = -139*x - 1177. Calculate r(-9).
74
Let n(y) = 4218*y - 12689. Calculate n(3).
-35
Let u(h) = -72*h + 503. What is u(-5)?
863
Let s(v) = v**3 + 30*v**2 - 17*v + 73. Give s(-30).
583
Let g(a) = -80*a - 19926. Calculate g(-249).
-6
Let k(r) = 9*r**2 - 11*r. Determine k(4).
100
Let c(r) = -r**2 + 765*r - 15620. Give c(21).
4
Let q(f) = -f**3 - f**2 - 31*f - 150. Determine q(-4).
22
Let t(m) = -16*m - 19. Determine t(-20).
301
Let l(b) = 2*b**3 - 27*b**2 + 87*b + 15. Give l(6).
-3
Let s(w) = 22*w**2 - 333*w + 57. What is s(15)?
12
Let n(l) = -35*l**2 + 24*l - 22. Calculate n(1).
-33
Let f(g) = -2*g**3 + 14*g**2 - 9*g - 12. Determine f(6).
6
Let t(l) = 13*l**2 - 2010*l - 777. Give t(155).
-2
Let h(m) = 3*m**2 + 104*m - 36. What is h(-35)?
-1
Let t(s) = -5131*s - 30790. Determine t(-6).
-4
Let m(w) = w**2 - 313*w + 19065. What is m(83)?
-25
Let p(y) = -46*y - 143. What is p(0)?
-143
Let a(o) = 549*o - 484. What is a(1)?
65
Let f(m) = 73*m**3 - 2*m**2 + 16*m - 44. Determine f(2).
564
